 m(h).
-6
Suppose -16*q + 18*q - 2 = 0, -103 = -5*u - 3*q. Let p(n) = n**2 - 17*n - 47. Give p(u).
13
Let j(g) = -g**3 - 2*g**2 - 11*g - 77. Let y(c) = -4*c**3 - 5*c**2 - 32*c - 252. Let l(a) = 7*j(a) - 2*y(a). Give l(7).
21
Suppose -132*x - 12 = -136*x. Let o(r) = -24 + 3*r**2 - r - 20 - 6*r**2 + 5*r + 42 + 2*r**x. What is o(3)?
37
Let k(f) = -2*f**3 + 2*f**2 + f - 2. Let n = 11616 + -11613. Calculate k(n).
-35
Let w(h) be the first derivative of -6*h**2 + 5*h - 18. Let f(u) = -14*u + 6. Let r(l) = -5*f(l) + 6*w(l). Let v be 1/(-2) - (-9)/2. Determine r(v).
-8
Let m be (9 + -5)*(-19 + 8)/(-11). Let n(l) be the second derivative of 0 - 1/20*l**5 + 3/2*l**2 - 2/3*l**3 - 7/12*l**m + 11*l. What is n(-6)?
-9
Let g(q) = q**3 + 10*q**2 + 5. Suppose 18 + 30 = 16*h. Suppose 0 = -t + 2*t - k + 9, h*t + 33 = -3*k. Give g(t).
5
Let b be (1 + 0)/(2/(1 - -147)). Suppose -5*k + b - 29 = 0. Let p(z) = z**3 - 10*z**2 + 9*z - 9. Let o be p(k). Let y(i) = i + 22. Determine y(o).
13
Let p(n) = -n. Let y = 8938 - 8942. Calculate p(y).
4
Let c(m) = -424*m + 2126. Let l be c(5). Let u(d) = 0*d + 7 + d + 5*d**2 + 5*d - 2 - d**3. Determine u(l).
5
Let l(z) = 1134*z + 1133*z + 1136*z - 4545*z + 1143*z + 23. Calculate l(-11).
12
Let r(p) = -2*p + 36. Suppose -3*u - 5*u = -144. Suppose 2*q + 4*g - 4 - u = 0, 8 = q + 3*g. What is r(q)?
2
Let i(f) = 26*f - 483. Let v(l) = 9*l - 158. Let k(z) = 4*i(z) - 11*v(z). Give k(39).
1
Let j be (-2 + 66/27)*72/16. Let t(d) = 619*d - j - 1 - 304*d - 310*d. Give t(4).
17
Let v(p) = p - 7. Let i = 603 + -1025. Let s = i + 410. Determine v(s).
-19
Let t(r) = 40*r**3 - 2*r**2 + 3*r - 1. Let p be (-676)/(-624) - 2*3/72. Calculate t(p).
40
Let s be (-3)/(-6) - 15/(-2). Let f(o) = 11 + o + 14 + s*o**2 - 26 - 3*o**2. Let r = 88 - 87. Calculate f(r).
5
Let h = -153840 - -153845. Let v(t) = 2 - 2*t**2 + 5*t - 2*t - t**2. Let g(r) = -16*r**2 + 15*r + 9. Let l(u) = -2*g(u) + 11*v(u). What is l(h)?
-6
Let m(c) = -4*c**3 - 2*c**2 + 8*c - 10. Let a be m(0). Let g(i) = i**3 + 10*i**2 - 14*i - 10. Calculate g(a).
130
Let c(p) = -18*p - 3*p**3 + 3 + 9*p + 11*p - 4*p**2 + 2. Let a(l) = -2*l**3 - 5*l**2 + 3*l + 5. Let q(z) = 4*a(z) - 3*c(z). Determine q(7).
-2
Let k = -215 + 212. Let u be (-8)/2 - (-8 + 4). Let d(b) = b + 4 + b**3 + u*b**2 + 4*b**2 + 0*b**2. What is d(k)?
10
Let c = 45 + -1. Let u = c - 46. Let z(p) be the second derivative of -3*p**3/2 + 15*p. Determine z(u).
18
Let y(m) = -6*m**2 + 8*m - 2. Let f be -1 + (11/((-77)/(-15)) - (-3)/(-21)). Determine y(f).
0
Let o(j) = -4*j + 9. Suppose s - 3*s + 314 = -2*u, -2*s - 461 = 3*u. Let l = 162 + u. Determine o(l).
-19
Let g be (-240)/110 + (-10)/(-55). Let v be -3 - (g + 7 + -3). Let u(c) be the second derivative of c**4/6 + 4*c**3/3 + 7*c**2/2 + c. What is u(v)?
17
Let i = 11 + -5. Let w be i/8*-1 - 6/24. Let b(p) be the first derivative of 3*p**3 - p**2 - p - 5. Calculate b(w).
10
Let b(q) = -13*q**2 + 3*q - 2. Let z = -2241 + 2242. Determine b(z).
-12
Let w(o) be the third derivative of -o**6/60 + o**5/30 - o**3/6 - 655*o**2. Give w(2).
-9
Let q(m) = -5*m + 4. Let p be -3 + 53 + -4 - -1. Suppose 0 = -4*s - 71 + p. Calculate q(s).
34
Let q(l) = -9 - 3 - l + 2. Let i be -1 + -1 - (102/2 - 47). What is q(i)?
-4
Let h = -1476 - -1503. Let v(g) = -g**3 + 28*g**2 - 26*g - 33. What is v(h)?
-6
Let b(s) be the second derivative of -s**7/840 - s**6/40 + s**5/60 - 3*s**4/8 + 5*s**3/2 + 13*s. Let v(r) be the second derivative of b(r). Determine v(-9).
-27
Let u(i) = -i + 13. Suppose 2*j - 94 = -3*k, 3*k - 57 = -4*j + 29. Suppose k*b = 39*b - 20. Suppose -3*t = 2*y - b*y + 10, 2*y = -t + 10. Give u(t).
13
Let x = 25 + -4. Suppose -x*b = -17*b. Let r(d) = d**2 + d + 20. What is r(b)?
20
Suppose -8*l + 9*l + 12 = 3. Let t(d) = -3*d**2 - 27*d - 4. Determine t(l).
-4
Let k(j) = 19*j - 26*j + 5*j + 20 + 15. Determine k(8).
19
Let y(m) = -3*m + 3. Let j(l) be the third derivative of 11*l**4/12 + 45*l**3/2 - 126*l**2. Let z be j(-6). What is y(z)?
-6
Suppose 10*s + 7267 = 1697. Let m = s + 552. Let d(n) = -n**2 - 4*n + 7. Give d(m).
2
Let b(r) = -9*r**2 - 8*r - 16. Let q(h) = 22*h**2 + 16*h + 34. Let i(k) = -5*b(k) - 2*q(k). Calculate i(-6).
0
Suppose -5*v + 2 + 3 = 5. Let j(q) = q**2 + 3*q + 17. Give j(v).
17
Let m(q) = 2*q - 1. Let n(u) = -u**2 + 2*u - 14. Let x be n(0). Let r be (-1)/((-12)/56 - (-4)/x). What is m(r)?
3
Let p(t) be the second derivative of 1/240*t**6 - 12*t + 0*t**2 + 0*t**3 + 0 + 1/120*t**5 + 1/2*t**4. Let g(l) be the third derivative of p(l). Give g(-2).
-5
Let v(a) be the first derivative of -1/2*a**2 + 2*a + 54. Give v(-5).
7
Let q(l) = 0*l + 2*l + 2*l - 6 + l**2. Let t be -6*33/(4158/105). What is q(t)?
-1
Let h(v) = -v**2 - v + 1. Let u be 12/2*(-204)/18. Let q be (-6)/(-10) - (3 + u/20). Let b(s) = 6*s**2 + 4*s - 4. Let o(g) = q*b(g) + 4*h(g). Calculate o(1).
2
Let g(q) = -2*q**3 - 13*q**2 + 11*q + 19. Let v be g(-7). Let a(w) be the third derivative of -w**5/60 - 5*w**4/12 - 3*w**3/2 - 8*w**2. What is a(v)?
0
Let a(p) = p - 11. Let j(y) = y**3 - 35*y**2 + y - 27. Suppose 78 + 132 = 6*q. Let i be j(q). What is a(i)?
-3
Let b = 32547 + -32590. Let h(l) = l**3 + 40*l**2 - 126*l + 131. Calculate h(b).
2
Let i = -41 + 49. Let q(j) = 0*j - i*j + 2 + 6*j + 5. Determine q(7).
-7
Let x(a) = 4*a + 6. Suppose 8*j - 4*j + 176 = 5*r, 5*r - j = 179. Suppose r*o - 44*o = -24. Calculate x(o).
18
Suppose 5*s = -2*q + s + 538, -3*q - 3*s = -801. Suppose 275*m = q*m. Let g(o) = 3*o - 2. Give g(m).
-2
Let g = -4380 + 4357. Let n(u) = -3*u - 43. What is n(g)?
26
Let c be 2/(-4) + (-18)/(-4) - 0. Let v(x) = 3*x + 8. Let m be v(-2). Suppose 5*f = b + 3, c*b - m*f - 4 = b. Let i(j) = 3*j + 2. Give i(b).
8
Let c(t) = -t**3 + 5*t**2 - 6*t + 2. Suppose -7*d = -3*d - 8. Suppose 4*v = -l - 8, -3*l = -2*v - d*l - 4. Let f be v/((-2)/(-2)*5/(-10)). Give c(f).
-6
Let f(i) = -13*i**3 - 3*i**2 - 4*i - 3. Let r(z) = z**2 + 27*z + 108. Let w be r(-5). Determine f(w).
97
Let a(r) = -17*r - 421. Let c be a(-25). Let k(n) = 2*n - 16. What is k(c)?
-8
Let t(m) be the third derivative of -m**4/24 + 67*m**3/6 + 13*m**2 - 43*m. What is t(-8)?
75
Suppose -162*o = -177*o - 150. Let v(i) be the second derivative of -i**5/20 - 3*i**4/4 + 5*i**3/3 + 5*i**2/2 + 4*i. Determine v(o).
5
Let m(o) = -3282*o + 2 + 10*o**2 + 3289*o + 5*o**3 - 3 - 4*o**3. What is m(-9)?
17
Let r(w) be the third derivative of -5*w**4/12 - 3*w**3/2 - 14*w**2 - 30*w - 1. Calculate r(4).
-49
Suppose d + 2*d - 6 = 0. Let f(i) be the second derivative of -4 + 10*i - 2/3*i**3 + 3/2*i**2. Calculate f(d).
-5
Suppose -3*a = 15, 0 = t - 4*t - 5*a - 82. Let v(i) = -i**3 - 18*i**2 + 21*i + 38. Determine v(t).
0
Let l(n) = n**3 + 8*n**2 + 11*n - 17. Let f be l(-5). Let c(v) = 7*v + v**3 + 4*v**2 + v**2 + 0*v**f + 6 + 0*v**2. Calculate c(-4).
-6
Let z be 2/(-6) + 60/18. Suppose 3*h = -5*u + 12, -3*u + z*h + 12 = -0*u. Suppose -w + 5*q = u*w + 26, -2*w = 4*q. Let r(b) = 3*b - 3. Determine r(w).
-15
Let r(m) be the second derivative of -m**5/2 - m**4/4 - m**3 - m**2 + 39*m + 8. Determine r(-1).
11
Let l be 2*(-86)/8*2. Let r = 47 + l. Suppose 4*h - 4*v + 2*v + 32 = 0, 0 = -4*h - r*v - 32. Let f(k) = k**3 + 9*k**2 + 6*k - 10. Give f(h).
6
Let w(t) = -t**3 - t + 1. Let l(z) be the first derivative of z**4/2 + 8*z**3/3 - 3*z**2 + 3*z + 99. Let r(g) = -l(g) - 3*w(g). What is r(6)?
-24
Let m(n) = n**3 + 14*n**2 - 16*n - 13. Let q be m(-15). Let x(c) = -18 - c**3 + 4*c + 25 - 6*c**2 - q*c. What is x(-6)?
-5
Let h(w) = 1493*w + 1467*w - 2958*w + 11 - 7 + 8. Suppose 2*f = 5*f + 33. Give h(f).
-10
Let x = -115 - -115. Suppose 3*c = 2*o + 8*c - 4, -4*c = x. Let w(d) = -3*d**3 + d**3 + 3*d**2 - 1 + d - 1. Give w(o).
-4
Suppose -5*l + 32 = -l. Suppose -4*y + 16 = -l. Let i(h) = -4*h + 12*h - 4*h - 2*h + h**2 + y. What is i(-5)?
21
Let s(x) = 5*x + 11. Suppose -58*j + 28 + 146 = 0. Give s(j).
26
Let w = 280 - 76. Suppose -x - w = -5*x. Let a = -56 + x. Let u(t) = -t**3 - 5*t**2 + t - 1. What is u(a)?
-6
Let k(i) = -i**3 - 9*i**2 - i - 6. Let r(n) = 3*n**3 + 28*n**2 + 4*n + 19. Let m(u) = -7*k(u) - 2*r(u). Let y = -221 + 214. Determine m(y).
11
Let t(w) be the second derivative of w**4/12 + w**3/2 - w. Let q be (-70)/49 - (-3)/7. Let b be -2 - q/(-1)*(3 + -2). Determine t(b).
0
Le